{"id":254,"date":"2020-01-02T22:31:00","date_gmt":"2020-01-02T22:31:00","guid":{"rendered":"http:\/\/2020.jftcomunicacion.es\/?page_id=254"},"modified":"2025-01-13T10:06:18","modified_gmt":"2025-01-13T10:06:18","slug":"politica-de-medio-ambiente","status":"publish","type":"page","link":"https:\/\/www.jftcomunicacion.es\/es\/politica-de-medio-ambiente\/","title":{"rendered":"Pol\u00edtica de medio ambiente"},"content":{"rendered":"<p>La Direcci\u00f3n de JFT Comunicaci\u00f3n manifiesta a trav\u00e9s de esta pol\u00edtica que el cumplimiento del desempe\u00f1o ambiental y la prevenci\u00f3n de la contaminaci\u00f3n son unos de los principios estrat\u00e9gicos de esta organizaci\u00f3n en las actividades de \u201cServicios publicitarios\u201d<\/p>\n<p>Para ello establece, declara y asume los siguientes compromisos:<\/p>\n<p>Proteger el medio ambiente a trav\u00e9s de un uso responsable de los recursos&nbsp;durante nuestra actividad, es la herramienta para&nbsp;prevenir impactos ambientales&nbsp;adversos, ayudando a proteger el entorno natural contra el da\u00f1o y&nbsp; la degradaci\u00f3n.<\/p>\n<p>La Direcci\u00f3n es responsable de impulsar la implantaci\u00f3n&nbsp;del Sistema de Gesti\u00f3n Ambiental,dotando a la empresa de los recursos necesarios&nbsp;para su correcto funcionamiento y&nbsp;la mejora continua en la prevenci\u00f3n de la contaminaci\u00f3n.<\/p>\n<p>La utilizaci\u00f3n sostenible de los recursos naturales, fomentando el ahorro energ\u00e9tico y la prevenci\u00f3n de la contaminaci\u00f3n<\/p>\n<p>Los requisitos de la Gesti\u00f3n Ambiental y las exigencias contractuales deben ser traducidos de forma efectiva a los proveedores \/ colaboradores de forma completa y oportuna.<\/p>\n<p>Fomentar las buenas pr\u00e1cticas ambientales&nbsp;en las actividades de la empresa, adem\u00e1s de fomentar la&nbsp;toma de conciencia ambiental de los empleados&nbsp;mediante formaci\u00f3n especializada&nbsp;y de nuestros propios clientes&nbsp; a trav\u00e9s de nuestras propias actividades.<\/p>\n<p>La aplicaci\u00f3n de esta Pol\u00edtica exige la integraci\u00f3n activa de todo el equipo humano de la empresa. Para conseguirlo,&nbsp;la Direcci\u00f3n considera prioritarias la motivaci\u00f3n y la formaci\u00f3n en Gesti\u00f3n Ambiental.<\/p>\n<p>Reafirmar el&nbsp;compromiso de cumplir con los requisitos legales aplicables y con otros requisitos que&nbsp;JFT Comunicaci\u00f3n&nbsp;suscriba relacionados con sus aspectos ambientales.<\/p>\n<p>Esta Pol\u00edtica sirve de&nbsp;marco de referencia para establecer y revisar los objetivos&nbsp;ambientales&nbsp;de la empresa y est\u00e1&nbsp;implantada, mantenida al d\u00eda, revisada y comunicada a las partes interesadas.<\/p>\n","protected":false},"excerpt":{"rendered":"<p>La Direcci\u00f3n de JFT Comunicaci\u00f3n manifiesta a trav\u00e9s de esta pol\u00edtica que el cumplimiento del desempe\u00f1o ambiental y&#8230;<\/p>\n","protected":false},"author":1,"featured_media":0,"parent":0,"menu_order":0,"comment_status":"closed","ping_status":"closed","template":"","meta":{"_acf_changed":false,"footnotes":""},"class_list":["post-254","page","type-page","status-publish","hentry"],"acf":[],"featured_image_src":null,"yoast_head":"<!-- This site is optimized with the Yoast SEO plugin v25.9 - https:\/\/yoast.com\/wordpress\/plugins\/seo\/ -->\n<title>Pol\u00edtica de medio ambiente - Agencia de Publicidad JFT Comunicaci\u00f3n<\/title>\n<meta name=\"robots\" content=\"noindex, nofollow\" \/>\n<meta property=\"og:locale\" content=\"es_ES\" \/>\n<meta property=\"og:type\" content=\"article\" \/>\n<meta property=\"og:title\" content=\"Pol\u00edtica de medio ambiente - Agencia de Publicidad JFT Comunicaci\u00f3n\" \/>\n<meta property=\"og:description\" content=\"La Direcci\u00f3n de JFT Comunicaci\u00f3n manifiesta a trav\u00e9s de esta pol\u00edtica que el cumplimiento del desempe\u00f1o ambiental y...\" \/>\n<meta property=\"og:url\" content=\"https:\/\/www.jftcomunicacion.es\/es\/politica-de-medio-ambiente\/\" \/>\n<meta property=\"og:site_name\" content=\"Agencia de Publicidad JFT Comunicaci\u00f3n\" \/>\n<meta property=\"article:publisher\" content=\"https:\/\/www.facebook.com\/JFTComunicacion\" \/>\n<meta property=\"article:modified_time\" content=\"2025-01-13T10:06:18+00:00\" \/>\n<meta property=\"og:image\" content=\"https:\/\/www.jftcomunicacion.es\/wp-content\/uploads\/2019\/12\/logo_jftcomunicacion-e1577624338378.png\" \/>\n\t<meta property=\"og:image:width\" content=\"280\" \/>\n\t<meta property=\"og:image:height\" content=\"168\" \/>\n\t<meta property=\"og:image:type\" content=\"image\/png\" \/>\n<meta name=\"twitter:card\" content=\"summary_large_image\" \/>\n<meta name=\"twitter:label1\" content=\"Tiempo de lectura\" \/>\n\t<meta name=\"twitter:data1\" content=\"2 minutos\" \/>\n<script type=\"application\/ld+json\" class=\"yoast-schema-graph\">{\"@context\":\"https:\/\/schema.org\",\"@graph\":[{\"@type\":\"WebPage\",\"@id\":\"https:\/\/www.jftcomunicacion.es\/es\/politica-de-medio-ambiente\/\",\"url\":\"https:\/\/www.jftcomunicacion.es\/es\/politica-de-medio-ambiente\/\",\"name\":\"Pol\u00edtica de medio ambiente - Agencia de Publicidad JFT Comunicaci\u00f3n\",\"isPartOf\":{\"@id\":\"https:\/\/www.jftcomunicacion.es\/es\/#website\"},\"datePublished\":\"2020-01-02T22:31:00+00:00\",\"dateModified\":\"2025-01-13T10:06:18+00:00\",\"breadcrumb\":{\"@id\":\"https:\/\/www.jftcomunicacion.es\/es\/politica-de-medio-ambiente\/#breadcrumb\"},\"inLanguage\":\"es\",\"potentialAction\":[{\"@type\":\"ReadAction\",\"target\":[\"https:\/\/www.jftcomunicacion.es\/es\/politica-de-medio-ambiente\/\"]}]},{\"@type\":\"BreadcrumbList\",\"@id\":\"https:\/\/www.jftcomunicacion.es\/es\/politica-de-medio-ambiente\/#breadcrumb\",\"itemListElement\":[{\"@type\":\"ListItem\",\"position\":1,\"name\":\"Portada\",\"item\":\"https:\/\/www.jftcomunicacion.es\/es\/\"},{\"@type\":\"ListItem\",\"position\":2,\"name\":\"Pol\u00edtica de medio ambiente\"}]},{\"@type\":\"WebSite\",\"@id\":\"https:\/\/www.jftcomunicacion.es\/es\/#website\",\"url\":\"https:\/\/www.jftcomunicacion.es\/es\/\",\"name\":\"JFT Comunicaci\u00f3n\",\"description\":\"Agencia de Publicidad y Marketing Digital\",\"publisher\":{\"@id\":\"https:\/\/www.jftcomunicacion.es\/es\/#organization\"},\"alternateName\":\"Agencia de Publicidad JFT Comunicaci\u00f3n\",\"potentialAction\":[{\"@type\":\"SearchAction\",\"target\":{\"@type\":\"EntryPoint\",\"urlTemplate\":\"https:\/\/www.jftcomunicacion.es\/es\/?s={search_term_string}\"},\"query-input\":{\"@type\":\"PropertyValueSpecification\",\"valueRequired\":true,\"valueName\":\"search_term_string\"}}],\"inLanguage\":\"es\"},{\"@type\":\"Organization\",\"@id\":\"https:\/\/www.jftcomunicacion.es\/es\/#organization\",\"name\":\"JFT Comunicaci\u00f3n\",\"alternateName\":\"Agencia de Publicidad en Canarias\",\"url\":\"https:\/\/www.jftcomunicacion.es\/es\/\",\"logo\":{\"@type\":\"ImageObject\",\"inLanguage\":\"es\",\"@id\":\"https:\/\/www.jftcomunicacion.es\/es\/#\/schema\/logo\/image\/\",\"url\":\"https:\/\/www.jftcomunicacion.es\/wp-content\/uploads\/2019\/12\/logo_jftcomunicacion-e1577624338378.png\",\"contentUrl\":\"https:\/\/www.jftcomunicacion.es\/wp-content\/uploads\/2019\/12\/logo_jftcomunicacion-e1577624338378.png\",\"width\":280,\"height\":168,\"caption\":\"JFT Comunicaci\u00f3n\"},\"image\":{\"@id\":\"https:\/\/www.jftcomunicacion.es\/es\/#\/schema\/logo\/image\/\"},\"sameAs\":[\"https:\/\/www.facebook.com\/JFTComunicacion\",\"https:\/\/www.instagram.com\/jftcomunicacion\/\",\"https:\/\/www.linkedin.com\/company\/jft-comunicacin\/\"]}]}<\/script>\n<!-- \/ Yoast SEO plugin. -->","yoast_head_json":{"title":"Pol\u00edtica de medio ambiente - Agencia de Publicidad JFT Comunicaci\u00f3n","robots":{"index":"noindex","follow":"nofollow"},"og_locale":"es_ES","og_type":"article","og_title":"Pol\u00edtica de medio ambiente - Agencia de Publicidad JFT Comunicaci\u00f3n","og_description":"La Direcci\u00f3n de JFT Comunicaci\u00f3n manifiesta a trav\u00e9s de esta pol\u00edtica que el cumplimiento del desempe\u00f1o ambiental y...","og_url":"https:\/\/www.jftcomunicacion.es\/es\/politica-de-medio-ambiente\/","og_site_name":"Agencia de Publicidad JFT Comunicaci\u00f3n","article_publisher":"https:\/\/www.facebook.com\/JFTComunicacion","article_modified_time":"2025-01-13T10:06:18+00:00","og_image":[{"width":280,"height":168,"url":"https:\/\/www.jftcomunicacion.es\/wp-content\/uploads\/2019\/12\/logo_jftcomunicacion-e1577624338378.png","type":"image\/png"}],"twitter_card":"summary_large_image","twitter_misc":{"Tiempo de lectura":"2 minutos"},"schema":{"@context":"https:\/\/schema.org","@graph":[{"@type":"WebPage","@id":"https:\/\/www.jftcomunicacion.es\/es\/politica-de-medio-ambiente\/","url":"https:\/\/www.jftcomunicacion.es\/es\/politica-de-medio-ambiente\/","name":"Pol\u00edtica de medio ambiente - Agencia de Publicidad JFT Comunicaci\u00f3n","isPartOf":{"@id":"https:\/\/www.jftcomunicacion.es\/es\/#website"},"datePublished":"2020-01-02T22:31:00+00:00","dateModified":"2025-01-13T10:06:18+00:00","breadcrumb":{"@id":"https:\/\/www.jftcomunicacion.es\/es\/politica-de-medio-ambiente\/#breadcrumb"},"inLanguage":"es","potentialAction":[{"@type":"ReadAction","target":["https:\/\/www.jftcomunicacion.es\/es\/politica-de-medio-ambiente\/"]}]},{"@type":"BreadcrumbList","@id":"https:\/\/www.jftcomunicacion.es\/es\/politica-de-medio-ambiente\/#breadcrumb","itemListElement":[{"@type":"ListItem","position":1,"name":"Portada","item":"https:\/\/www.jftcomunicacion.es\/es\/"},{"@type":"ListItem","position":2,"name":"Pol\u00edtica de medio ambiente"}]},{"@type":"WebSite","@id":"https:\/\/www.jftcomunicacion.es\/es\/#website","url":"https:\/\/www.jftcomunicacion.es\/es\/","name":"JFT Comunicaci\u00f3n","description":"Agencia de Publicidad y Marketing Digital","publisher":{"@id":"https:\/\/www.jftcomunicacion.es\/es\/#organization"},"alternateName":"Agencia de Publicidad JFT Comunicaci\u00f3n","potentialAction":[{"@type":"SearchAction","target":{"@type":"EntryPoint","urlTemplate":"https:\/\/www.jftcomunicacion.es\/es\/?s={search_term_string}"},"query-input":{"@type":"PropertyValueSpecification","valueRequired":true,"valueName":"search_term_string"}}],"inLanguage":"es"},{"@type":"Organization","@id":"https:\/\/www.jftcomunicacion.es\/es\/#organization","name":"JFT Comunicaci\u00f3n","alternateName":"Agencia de Publicidad en Canarias","url":"https:\/\/www.jftcomunicacion.es\/es\/","logo":{"@type":"ImageObject","inLanguage":"es","@id":"https:\/\/www.jftcomunicacion.es\/es\/#\/schema\/logo\/image\/","url":"https:\/\/www.jftcomunicacion.es\/wp-content\/uploads\/2019\/12\/logo_jftcomunicacion-e1577624338378.png","contentUrl":"https:\/\/www.jftcomunicacion.es\/wp-content\/uploads\/2019\/12\/logo_jftcomunicacion-e1577624338378.png","width":280,"height":168,"caption":"JFT Comunicaci\u00f3n"},"image":{"@id":"https:\/\/www.jftcomunicacion.es\/es\/#\/schema\/logo\/image\/"},"sameAs":["https:\/\/www.facebook.com\/JFTComunicacion","https:\/\/www.instagram.com\/jftcomunicacion\/","https:\/\/www.linkedin.com\/company\/jft-comunicacin\/"]}]}},"_links":{"self":[{"href":"https:\/\/www.jftcomunicacion.es\/es\/wp-json\/wp\/v2\/pages\/254","targetHints":{"allow":["GET"]}}],"collection":[{"href":"https:\/\/www.jftcomunicacion.es\/es\/wp-json\/wp\/v2\/pages"}],"about":[{"href":"https:\/\/www.jftcomunicacion.es\/es\/wp-json\/wp\/v2\/types\/page"}],"author":[{"embeddable":true,"href":"https:\/\/www.jftcomunicacion.es\/es\/wp-json\/wp\/v2\/users\/1"}],"replies":[{"embeddable":true,"href":"https:\/\/www.jftcomunicacion.es\/es\/wp-json\/wp\/v2\/comments?post=254"}],"version-history":[{"count":4,"href":"https:\/\/www.jftcomunicacion.es\/es\/wp-json\/wp\/v2\/pages\/254\/revisions"}],"predecessor-version":[{"id":1286,"href":"https:\/\/www.jftcomunicacion.es\/es\/wp-json\/wp\/v2\/pages\/254\/revisions\/1286"}],"wp:attachment":[{"href":"https:\/\/www.jftcomunicacion.es\/es\/wp-json\/wp\/v2\/media?parent=254"}],"curies":[{"name":"wp","href":"https:\/\/api.w.org\/{rel}","templated":true}]}}

Política de medio ambiente

<p>La Dirección de JFT Comunicación manifiesta a través de esta política que el cumplimiento del desempeño ambiental y la prevención de la contaminación son unos de los principios estratégicos de esta organización en las actividades de “Servicios publicitarios”</p>
<p>Para ello establece, declara y asume los siguientes compromisos:</p>
<p>Proteger el medio ambiente a través de un uso responsable de los recursos&nbsp;durante nuestra actividad, es la herramienta para&nbsp;prevenir impactos ambientales&nbsp;adversos, ayudando a proteger el entorno natural contra el daño y&nbsp; la degradación.</p>
<p>La Dirección es responsable de impulsar la implantación&nbsp;del Sistema de Gestión Ambiental,dotando a la empresa de los recursos necesarios&nbsp;para su correcto funcionamiento y&nbsp;la mejora continua en la prevención de la contaminación.</p>
<p>La utilización sostenible de los recursos naturales, fomentando el ahorro energético y la prevención de la contaminación</p>
<p>Los requisitos de la Gestión Ambiental y las exigencias contractuales deben ser traducidos de forma efectiva a los proveedores / colaboradores de forma completa y oportuna.</p>
<p>Fomentar las buenas prácticas ambientales&nbsp;en las actividades de la empresa, además de fomentar la&nbsp;toma de conciencia ambiental de los empleados&nbsp;mediante formación especializada&nbsp;y de nuestros propios clientes&nbsp; a través de nuestras propias actividades.</p>
<p>La aplicación de esta Política exige la integración activa de todo el equipo humano de la empresa. Para conseguirlo,&nbsp;la Dirección considera prioritarias la motivación y la formación en Gestión Ambiental.</p>
<p>Reafirmar el&nbsp;compromiso de cumplir con los requisitos legales aplicables y con otros requisitos que&nbsp;JFT Comunicación&nbsp;suscriba relacionados con sus aspectos ambientales.</p>
<p>Esta Política sirve de&nbsp;marco de referencia para establecer y revisar los objetivos&nbsp;ambientales&nbsp;de la empresa y está&nbsp;implantada, mantenida al día, revisada y comunicada a las partes interesadas.</p>

<p>La Dirección de JFT Comunicación manifiesta a través de esta política que el cumplimiento del desempeño ambiental y&#8230;</p>

<!-- This site is optimized with the Yoast SEO plugin v25.9 - https://yoast.com/wordpress/plugins/seo/ -->
<title>Política de medio ambiente - Agencia de Publicidad JFT Comunicación</title>
<meta name="robots" content="noindex, nofollow" />
<meta property="og:locale" content="es_ES" />
<meta property="og:type" content="article" />
<meta property="og:title" content="Política de medio ambiente - Agencia de Publicidad JFT Comunicación" />
<meta property="og:description" content="La Dirección de JFT Comunicación manifiesta a través de esta política que el cumplimiento del desempeño ambiental y..." />
<meta property="og:url" content="https://www.jftcomunicacion.es/es/politica-de-medio-ambiente/" />
<meta property="og:site_name" content="Agencia de Publicidad JFT Comunicación" />
<meta property="article:publisher" content="https://www.facebook.com/JFTComunicacion" />
<meta property="article:modified_time" content="2025-01-13T10:06:18+00:00" />
<meta property="og:image" content="https://www.jftcomunicacion.es/wp-content/uploads/2019/12/logo_jftcomunicacion-e1577624338378.png" />
	<meta property="og:image:width" content="280" />
	<meta property="og:image:height" content="168" />
	<meta property="og:image:type" content="image/png" />
<meta name="twitter:card" content="summary_large_image" />
<meta name="twitter:label1" content="Tiempo de lectura" />
	<meta name="twitter:data1" content="2 minutos" />
<script type="application/ld+json" class="yoast-schema-graph">{"@context":"https://schema.org","@graph":[{"@type":"WebPage","@id":"https://www.jftcomunicacion.es/es/politica-de-medio-ambiente/","url":"https://www.jftcomunicacion.es/es/politica-de-medio-ambiente/","name":"Política de medio ambiente - Agencia de Publicidad JFT Comunicación","isPartOf":{"@id":"https://www.jftcomunicacion.es/es/#website"},"datePublished":"2020-01-02T22:31:00+00:00","dateModified":"2025-01-13T10:06:18+00:00","breadcrumb":{"@id":"https://www.jftcomunicacion.es/es/politica-de-medio-ambiente/#breadcrumb"},"inLanguage":"es","potentialAction":[{"@type":"ReadAction","target":["https://www.jftcomunicacion.es/es/politica-de-medio-ambiente/"]}]},{"@type":"BreadcrumbList","@id":"https://www.jftcomunicacion.es/es/politica-de-medio-ambiente/#breadcrumb","itemListElement":[{"@type":"ListItem","position":1,"name":"Portada","item":"https://www.jftcomunicacion.es/es/"},{"@type":"ListItem","position":2,"name":"Política de medio ambiente"}]},{"@type":"WebSite","@id":"https://www.jftcomunicacion.es/es/#website","url":"https://www.jftcomunicacion.es/es/","name":"JFT Comunicación","description":"Agencia de Publicidad y Marketing Digital","publisher":{"@id":"https://www.jftcomunicacion.es/es/#organization"},"alternateName":"Agencia de Publicidad JFT Comunicación","potentialAction":[{"@type":"SearchAction","target":{"@type":"EntryPoint","urlTemplate":"https://www.jftcomunicacion.es/es/?s={search_term_string}"},"query-input":{"@type":"PropertyValueSpecification","valueRequired":true,"valueName":"search_term_string"}}],"inLanguage":"es"},{"@type":"Organization","@id":"https://www.jftcomunicacion.es/es/#organization","name":"JFT Comunicación","alternateName":"Agencia de Publicidad en Canarias","url":"https://www.jftcomunicacion.es/es/","logo":{"@type":"ImageObject","inLanguage":"es","@id":"https://www.jftcomunicacion.es/es/#/schema/logo/image/","url":"https://www.jftcomunicacion.es/wp-content/uploads/2019/12/logo_jftcomunicacion-e1577624338378.png","contentUrl":"https://www.jftcomunicacion.es/wp-content/uploads/2019/12/logo_jftcomunicacion-e1577624338378.png","width":280,"height":168,"caption":"JFT Comunicación"},"image":{"@id":"https://www.jftcomunicacion.es/es/#/schema/logo/image/"},"sameAs":["https://www.facebook.com/JFTComunicacion","https://www.instagram.com/jftcomunicacion/","https://www.linkedin.com/company/jft-comunicacin/"]}]}</script>
<!-- / Yoast SEO plugin. -->

Política de medio ambiente - Agencia de Publicidad JFT Comunicación

La Dirección de JFT Comunicación manifiesta a través de esta política que el cumplimiento del desempeño ambiental y...

Agencia de Publicidad JFT Comunicación

JFT Comunicación
