{"id":7945,"date":"2023-04-26T10:10:55","date_gmt":"2023-04-26T10:10:55","guid":{"rendered":"https:\/\/www.jftcomunicacion.es\/es\/?post_type=informe&#038;p=7945"},"modified":"2024-03-20T10:16:26","modified_gmt":"2024-03-20T10:16:26","slug":"analisis-del-trafico-en-aeropuertos-de-las-islas-canarias-2","status":"publish","type":"informe","link":"https:\/\/www.jftcomunicacion.es\/es\/informe\/analisis-del-trafico-en-aeropuertos-de-las-islas-canarias-2\/","title":{"rendered":"Desc\u00e1rgate el informe de tr\u00e1fico en aeropuertos de Canarias"},"content":{"rendered":"<div class=\"wp-block-image\">\n<figure class=\"aligncenter size-large\"><img loading=\"lazy\" decoding=\"async\" width=\"1024\" height=\"267\" src=\"https:\/\/www.jftcomunicacion.es\/wp-content\/uploads\/2023\/04\/test_banner_informe-1024x267.jpg\" alt=\"\" class=\"wp-image-7960\"\/><\/figure><\/div>\n\n\n<div style=\"height:20px\" aria-hidden=\"true\" class=\"wp-block-spacer\"><\/div>\n\n\n\n<p class=\"has-text-align-center small pgroup\">Desc\u00e1rgate y lee nuestro&nbsp;informe&nbsp;de tr\u00e1fico en aeropuertos de Canarias (Mayo 2023). El a\u00f1o 2023 muestra una clara recuperaci\u00f3n con respecto al periodo prepandemia&nbsp;y est\u00e1 siendo un a\u00f1o r\u00e9cord. No obstante, islas como La Palma o mercados como el alem\u00e1n a\u00fan tienen camino por recorrer para alcanzar los niveles de 2019. Descarga ahora nuestro&nbsp;informe&nbsp;y conoce a fondo la situaci\u00f3n de los pasajeros en nuestros aeropuertos.<\/p>\n\n\n\n<p class=\"has-text-align-center btn\"><strong><a href=\"https:\/\/www.jftcomunicacion.es\/?product=ODYzMywxNzE4NzA5MzYyLDAsMC4wLjAuMCwkMmEkMTIkNW5uMXpjZkdHQUx6YlpBeHN0VTJJT3dhYzNMMW9sMXY3TmxQWTNDVlZvVVhwaUlVSVJTNVM%3D\/PASAJEROS-ACUM.-MAYO-2023.pdf\" target=\"_blank\" rel=\"noreferrer noopener\">DESCARGA ESTE INFORME AQU\u00cd<\/a><\/strong><\/p>\n\n\n\n<div class=\"wp-block-buttons is-content-justification-center is-layout-flex wp-container-core-buttons-is-layout-a89b3969 wp-block-buttons-is-layout-flex\"><\/div>\n\n\n\n<p><\/p>\n","protected":false},"excerpt":{"rendered":"<p>Mayo 2023<\/p>\n","protected":false},"featured_media":11285,"template":"","meta":{"_acf_changed":false},"periodo":[],"tema":[],"ano":[],"class_list":["post-7945","informe","type-informe","status-publish","has-post-thumbnail","hentry"],"acf":[],"yoast_head":"<!-- This site is optimized with the Yoast SEO plugin v25.9 - https:\/\/yoast.com\/wordpress\/plugins\/seo\/ -->\n<title>Desc\u00e1rgate el informe de tr\u00e1fico en aeropuertos de Canarias - Agencia de Publicidad JFT Comunicaci\u00f3n<\/title>\n<meta name=\"robots\" content=\"noindex, follow\" \/>\n<meta property=\"og:locale\" content=\"es_ES\" \/>\n<meta property=\"og:type\" content=\"article\" \/>\n<meta property=\"og:title\" content=\"Desc\u00e1rgate el informe de tr\u00e1fico en aeropuertos de Canarias - Agencia de Publicidad JFT Comunicaci\u00f3n\" \/>\n<meta property=\"og:description\" content=\"Mayo 2023\" \/>\n<meta property=\"og:url\" content=\"https:\/\/www.jftcomunicacion.es\/es\/informe\/analisis-del-trafico-en-aeropuertos-de-las-islas-canarias-2\/\" \/>\n<meta property=\"og:site_name\" content=\"Agencia de Publicidad JFT Comunicaci\u00f3n\" \/>\n<meta property=\"article:publisher\" content=\"https:\/\/www.facebook.com\/JFTComunicacion\" \/>\n<meta property=\"article:modified_time\" content=\"2024-03-20T10:16:26+00:00\" \/>\n<meta property=\"og:image\" content=\"https:\/\/www.jftcomunicacion.es\/wp-content\/uploads\/2024\/03\/informe-agosto-1-300x300-1.webp\" \/>\n\t<meta property=\"og:image:width\" content=\"300\" \/>\n\t<meta property=\"og:image:height\" content=\"300\" \/>\n\t<meta property=\"og:image:type\" content=\"image\/webp\" \/>\n<meta name=\"twitter:card\" content=\"summary_large_image\" \/>\n<meta name=\"twitter:label1\" content=\"Tiempo de lectura\" \/>\n\t<meta name=\"twitter:data1\" content=\"1 minuto\" \/>\n<script type=\"application\/ld+json\" class=\"yoast-schema-graph\">{\"@context\":\"https:\/\/schema.org\",\"@graph\":[{\"@type\":\"WebPage\",\"@id\":\"https:\/\/www.jftcomunicacion.es\/es\/informe\/analisis-del-trafico-en-aeropuertos-de-las-islas-canarias-2\/\",\"url\":\"https:\/\/www.jftcomunicacion.es\/es\/informe\/analisis-del-trafico-en-aeropuertos-de-las-islas-canarias-2\/\",\"name\":\"Desc\u00e1rgate el informe de tr\u00e1fico en aeropuertos de Canarias - Agencia de Publicidad JFT Comunicaci\u00f3n\",\"isPartOf\":{\"@id\":\"https:\/\/www.jftcomunicacion.es\/es\/#website\"},\"primaryImageOfPage\":{\"@id\":\"https:\/\/www.jftcomunicacion.es\/es\/informe\/analisis-del-trafico-en-aeropuertos-de-las-islas-canarias-2\/#primaryimage\"},\"image\":{\"@id\":\"https:\/\/www.jftcomunicacion.es\/es\/informe\/analisis-del-trafico-en-aeropuertos-de-las-islas-canarias-2\/#primaryimage\"},\"thumbnailUrl\":\"https:\/\/www.jftcomunicacion.es\/wp-content\/uploads\/2024\/03\/informe-agosto-1-300x300-1.webp\",\"datePublished\":\"2023-04-26T10:10:55+00:00\",\"dateModified\":\"2024-03-20T10:16:26+00:00\",\"breadcrumb\":{\"@id\":\"https:\/\/www.jftcomunicacion.es\/es\/informe\/analisis-del-trafico-en-aeropuertos-de-las-islas-canarias-2\/#breadcrumb\"},\"inLanguage\":\"es\",\"potentialAction\":[{\"@type\":\"ReadAction\",\"target\":[\"https:\/\/www.jftcomunicacion.es\/es\/informe\/analisis-del-trafico-en-aeropuertos-de-las-islas-canarias-2\/\"]}]},{\"@type\":\"ImageObject\",\"inLanguage\":\"es\",\"@id\":\"https:\/\/www.jftcomunicacion.es\/es\/informe\/analisis-del-trafico-en-aeropuertos-de-las-islas-canarias-2\/#primaryimage\",\"url\":\"https:\/\/www.jftcomunicacion.es\/wp-content\/uploads\/2024\/03\/informe-agosto-1-300x300-1.webp\",\"contentUrl\":\"https:\/\/www.jftcomunicacion.es\/wp-content\/uploads\/2024\/03\/informe-agosto-1-300x300-1.webp\",\"width\":300,\"height\":300,\"caption\":\"informe-agosto-1-300x300\"},{\"@type\":\"BreadcrumbList\",\"@id\":\"https:\/\/www.jftcomunicacion.es\/es\/informe\/analisis-del-trafico-en-aeropuertos-de-las-islas-canarias-2\/#breadcrumb\",\"itemListElement\":[{\"@type\":\"ListItem\",\"position\":1,\"name\":\"Portada\",\"item\":\"https:\/\/www.jftcomunicacion.es\/es\/\"},{\"@type\":\"ListItem\",\"position\":2,\"name\":\"Desc\u00e1rgate el informe de tr\u00e1fico en aeropuertos de Canarias\"}]},{\"@type\":\"WebSite\",\"@id\":\"https:\/\/www.jftcomunicacion.es\/es\/#website\",\"url\":\"https:\/\/www.jftcomunicacion.es\/es\/\",\"name\":\"JFT Comunicaci\u00f3n\",\"description\":\"Agencia de Publicidad y Marketing Digital\",\"publisher\":{\"@id\":\"https:\/\/www.jftcomunicacion.es\/es\/#organization\"},\"alternateName\":\"Agencia de Publicidad JFT Comunicaci\u00f3n\",\"potentialAction\":[{\"@type\":\"SearchAction\",\"target\":{\"@type\":\"EntryPoint\",\"urlTemplate\":\"https:\/\/www.jftcomunicacion.es\/es\/?s={search_term_string}\"},\"query-input\":{\"@type\":\"PropertyValueSpecification\",\"valueRequired\":true,\"valueName\":\"search_term_string\"}}],\"inLanguage\":\"es\"},{\"@type\":\"Organization\",\"@id\":\"https:\/\/www.jftcomunicacion.es\/es\/#organization\",\"name\":\"JFT Comunicaci\u00f3n\",\"alternateName\":\"Agencia de Publicidad en Canarias\",\"url\":\"https:\/\/www.jftcomunicacion.es\/es\/\",\"logo\":{\"@type\":\"ImageObject\",\"inLanguage\":\"es\",\"@id\":\"https:\/\/www.jftcomunicacion.es\/es\/#\/schema\/logo\/image\/\",\"url\":\"https:\/\/www.jftcomunicacion.es\/wp-content\/uploads\/2019\/12\/logo_jftcomunicacion-e1577624338378.png\",\"contentUrl\":\"https:\/\/www.jftcomunicacion.es\/wp-content\/uploads\/2019\/12\/logo_jftcomunicacion-e1577624338378.png\",\"width\":280,\"height\":168,\"caption\":\"JFT Comunicaci\u00f3n\"},\"image\":{\"@id\":\"https:\/\/www.jftcomunicacion.es\/es\/#\/schema\/logo\/image\/\"},\"sameAs\":[\"https:\/\/www.facebook.com\/JFTComunicacion\",\"https:\/\/www.instagram.com\/jftcomunicacion\/\",\"https:\/\/www.linkedin.com\/company\/jft-comunicacin\/\"]}]}<\/script>\n<!-- \/ Yoast SEO plugin. -->","yoast_head_json":{"title":"Desc\u00e1rgate el informe de tr\u00e1fico en aeropuertos de Canarias - Agencia de Publicidad JFT Comunicaci\u00f3n","robots":{"index":"noindex","follow":"follow"},"og_locale":"es_ES","og_type":"article","og_title":"Desc\u00e1rgate el informe de tr\u00e1fico en aeropuertos de Canarias - Agencia de Publicidad JFT Comunicaci\u00f3n","og_description":"Mayo 2023","og_url":"https:\/\/www.jftcomunicacion.es\/es\/informe\/analisis-del-trafico-en-aeropuertos-de-las-islas-canarias-2\/","og_site_name":"Agencia de Publicidad JFT Comunicaci\u00f3n","article_publisher":"https:\/\/www.facebook.com\/JFTComunicacion","article_modified_time":"2024-03-20T10:16:26+00:00","og_image":[{"width":300,"height":300,"url":"https:\/\/www.jftcomunicacion.es\/wp-content\/uploads\/2024\/03\/informe-agosto-1-300x300-1.webp","type":"image\/webp"}],"twitter_card":"summary_large_image","twitter_misc":{"Tiempo de lectura":"1 minuto"},"schema":{"@context":"https:\/\/schema.org","@graph":[{"@type":"WebPage","@id":"https:\/\/www.jftcomunicacion.es\/es\/informe\/analisis-del-trafico-en-aeropuertos-de-las-islas-canarias-2\/","url":"https:\/\/www.jftcomunicacion.es\/es\/informe\/analisis-del-trafico-en-aeropuertos-de-las-islas-canarias-2\/","name":"Desc\u00e1rgate el informe de tr\u00e1fico en aeropuertos de Canarias - Agencia de Publicidad JFT Comunicaci\u00f3n","isPartOf":{"@id":"https:\/\/www.jftcomunicacion.es\/es\/#website"},"primaryImageOfPage":{"@id":"https:\/\/www.jftcomunicacion.es\/es\/informe\/analisis-del-trafico-en-aeropuertos-de-las-islas-canarias-2\/#primaryimage"},"image":{"@id":"https:\/\/www.jftcomunicacion.es\/es\/informe\/analisis-del-trafico-en-aeropuertos-de-las-islas-canarias-2\/#primaryimage"},"thumbnailUrl":"https:\/\/www.jftcomunicacion.es\/wp-content\/uploads\/2024\/03\/informe-agosto-1-300x300-1.webp","datePublished":"2023-04-26T10:10:55+00:00","dateModified":"2024-03-20T10:16:26+00:00","breadcrumb":{"@id":"https:\/\/www.jftcomunicacion.es\/es\/informe\/analisis-del-trafico-en-aeropuertos-de-las-islas-canarias-2\/#breadcrumb"},"inLanguage":"es","potentialAction":[{"@type":"ReadAction","target":["https:\/\/www.jftcomunicacion.es\/es\/informe\/analisis-del-trafico-en-aeropuertos-de-las-islas-canarias-2\/"]}]},{"@type":"ImageObject","inLanguage":"es","@id":"https:\/\/www.jftcomunicacion.es\/es\/informe\/analisis-del-trafico-en-aeropuertos-de-las-islas-canarias-2\/#primaryimage","url":"https:\/\/www.jftcomunicacion.es\/wp-content\/uploads\/2024\/03\/informe-agosto-1-300x300-1.webp","contentUrl":"https:\/\/www.jftcomunicacion.es\/wp-content\/uploads\/2024\/03\/informe-agosto-1-300x300-1.webp","width":300,"height":300,"caption":"informe-agosto-1-300x300"},{"@type":"BreadcrumbList","@id":"https:\/\/www.jftcomunicacion.es\/es\/informe\/analisis-del-trafico-en-aeropuertos-de-las-islas-canarias-2\/#breadcrumb","itemListElement":[{"@type":"ListItem","position":1,"name":"Portada","item":"https:\/\/www.jftcomunicacion.es\/es\/"},{"@type":"ListItem","position":2,"name":"Desc\u00e1rgate el informe de tr\u00e1fico en aeropuertos de Canarias"}]},{"@type":"WebSite","@id":"https:\/\/www.jftcomunicacion.es\/es\/#website","url":"https:\/\/www.jftcomunicacion.es\/es\/","name":"JFT Comunicaci\u00f3n","description":"Agencia de Publicidad y Marketing Digital","publisher":{"@id":"https:\/\/www.jftcomunicacion.es\/es\/#organization"},"alternateName":"Agencia de Publicidad JFT Comunicaci\u00f3n","potentialAction":[{"@type":"SearchAction","target":{"@type":"EntryPoint","urlTemplate":"https:\/\/www.jftcomunicacion.es\/es\/?s={search_term_string}"},"query-input":{"@type":"PropertyValueSpecification","valueRequired":true,"valueName":"search_term_string"}}],"inLanguage":"es"},{"@type":"Organization","@id":"https:\/\/www.jftcomunicacion.es\/es\/#organization","name":"JFT Comunicaci\u00f3n","alternateName":"Agencia de Publicidad en Canarias","url":"https:\/\/www.jftcomunicacion.es\/es\/","logo":{"@type":"ImageObject","inLanguage":"es","@id":"https:\/\/www.jftcomunicacion.es\/es\/#\/schema\/logo\/image\/","url":"https:\/\/www.jftcomunicacion.es\/wp-content\/uploads\/2019\/12\/logo_jftcomunicacion-e1577624338378.png","contentUrl":"https:\/\/www.jftcomunicacion.es\/wp-content\/uploads\/2019\/12\/logo_jftcomunicacion-e1577624338378.png","width":280,"height":168,"caption":"JFT Comunicaci\u00f3n"},"image":{"@id":"https:\/\/www.jftcomunicacion.es\/es\/#\/schema\/logo\/image\/"},"sameAs":["https:\/\/www.facebook.com\/JFTComunicacion","https:\/\/www.instagram.com\/jftcomunicacion\/","https:\/\/www.linkedin.com\/company\/jft-comunicacin\/"]}]}},"_links":{"self":[{"href":"https:\/\/www.jftcomunicacion.es\/es\/wp-json\/wp\/v2\/informe\/7945","targetHints":{"allow":["GET"]}}],"collection":[{"href":"https:\/\/www.jftcomunicacion.es\/es\/wp-json\/wp\/v2\/informe"}],"about":[{"href":"https:\/\/www.jftcomunicacion.es\/es\/wp-json\/wp\/v2\/types\/informe"}],"wp:featuredmedia":[{"embeddable":true,"href":"https:\/\/www.jftcomunicacion.es\/es\/wp-json\/wp\/v2\/media\/11285"}],"wp:attachment":[{"href":"https:\/\/www.jftcomunicacion.es\/es\/wp-json\/wp\/v2\/media?parent=7945"}],"wp:term":[{"taxonomy":"periodo","embeddable":true,"href":"https:\/\/www.jftcomunicacion.es\/es\/wp-json\/wp\/v2\/periodo?post=7945"},{"taxonomy":"tema","embeddable":true,"href":"https:\/\/www.jftcomunicacion.es\/es\/wp-json\/wp\/v2\/tema?post=7945"},{"taxonomy":"ano","embeddable":true,"href":"https:\/\/www.jftcomunicacion.es\/es\/wp-json\/wp\/v2\/ano?post=7945"}],"curies":[{"name":"wp","href":"https:\/\/api.w.org\/{rel}","templated":true}]}}

Descárgate el informe de tráfico en aeropuertos de Canarias

<div class="wp-block-image">
<figure class="aligncenter size-large"><img loading="lazy" decoding="async" width="1024" height="267" src="https://www.jftcomunicacion.es/wp-content/uploads/2023/04/test_banner_informe-1024x267.jpg" alt="" class="wp-image-7960"/></figure></div>


<div style="height:20px" aria-hidden="true" class="wp-block-spacer"></div>



<p class="has-text-align-center small pgroup">Descárgate y lee nuestro&nbsp;informe&nbsp;de tráfico en aeropuertos de Canarias (Mayo 2023). El año 2023 muestra una clara recuperación con respecto al periodo prepandemia&nbsp;y está siendo un año récord. No obstante, islas como La Palma o mercados como el alemán aún tienen camino por recorrer para alcanzar los niveles de 2019. Descarga ahora nuestro&nbsp;informe&nbsp;y conoce a fondo la situación de los pasajeros en nuestros aeropuertos.</p>



<p class="has-text-align-center btn"><strong><a href="https://www.jftcomunicacion.es/?product=ODYzMywxNzE4NzA5MzYyLDAsMC4wLjAuMCwkMmEkMTIkNW5uMXpjZkdHQUx6YlpBeHN0VTJJT3dhYzNMMW9sMXY3TmxQWTNDVlZvVVhwaUlVSVJTNVM%3D/PASAJEROS-ACUM.-MAYO-2023.pdf" target="_blank" rel="noreferrer noopener">DESCARGA ESTE INFORME AQUÍ</a></strong></p>



<div class="wp-block-buttons is-content-justification-center is-layout-flex wp-container-core-buttons-is-layout-a89b3969 wp-block-buttons-is-layout-flex"></div>



<p></p>

<!-- This site is optimized with the Yoast SEO plugin v25.9 - https://yoast.com/wordpress/plugins/seo/ -->
<title>Descárgate el informe de tráfico en aeropuertos de Canarias - Agencia de Publicidad JFT Comunicación</title>
<meta name="robots" content="noindex, follow" />
<meta property="og:locale" content="es_ES" />
<meta property="og:type" content="article" />
<meta property="og:title" content="Descárgate el informe de tráfico en aeropuertos de Canarias - Agencia de Publicidad JFT Comunicación" />
<meta property="og:description" content="Mayo 2023" />
<meta property="og:url" content="https://www.jftcomunicacion.es/es/informe/analisis-del-trafico-en-aeropuertos-de-las-islas-canarias-2/" />
<meta property="og:site_name" content="Agencia de Publicidad JFT Comunicación" />
<meta property="article:publisher" content="https://www.facebook.com/JFTComunicacion" />
<meta property="article:modified_time" content="2024-03-20T10:16:26+00:00" />
<meta property="og:image" content="https://www.jftcomunicacion.es/wp-content/uploads/2024/03/informe-agosto-1-300x300-1.webp" />
	<meta property="og:image:width" content="300" />
	<meta property="og:image:height" content="300" />
	<meta property="og:image:type" content="image/webp" />
<meta name="twitter:card" content="summary_large_image" />
<meta name="twitter:label1" content="Tiempo de lectura" />
	<meta name="twitter:data1" content="1 minuto" />
<script type="application/ld+json" class="yoast-schema-graph">{"@context":"https://schema.org","@graph":[{"@type":"WebPage","@id":"https://www.jftcomunicacion.es/es/informe/analisis-del-trafico-en-aeropuertos-de-las-islas-canarias-2/","url":"https://www.jftcomunicacion.es/es/informe/analisis-del-trafico-en-aeropuertos-de-las-islas-canarias-2/","name":"Descárgate el informe de tráfico en aeropuertos de Canarias - Agencia de Publicidad JFT Comunicación","isPartOf":{"@id":"https://www.jftcomunicacion.es/es/#website"},"primaryImageOfPage":{"@id":"https://www.jftcomunicacion.es/es/informe/analisis-del-trafico-en-aeropuertos-de-las-islas-canarias-2/#primaryimage"},"image":{"@id":"https://www.jftcomunicacion.es/es/informe/analisis-del-trafico-en-aeropuertos-de-las-islas-canarias-2/#primaryimage"},"thumbnailUrl":"https://www.jftcomunicacion.es/wp-content/uploads/2024/03/informe-agosto-1-300x300-1.webp","datePublished":"2023-04-26T10:10:55+00:00","dateModified":"2024-03-20T10:16:26+00:00","breadcrumb":{"@id":"https://www.jftcomunicacion.es/es/informe/analisis-del-trafico-en-aeropuertos-de-las-islas-canarias-2/#breadcrumb"},"inLanguage":"es","potentialAction":[{"@type":"ReadAction","target":["https://www.jftcomunicacion.es/es/informe/analisis-del-trafico-en-aeropuertos-de-las-islas-canarias-2/"]}]},{"@type":"ImageObject","inLanguage":"es","@id":"https://www.jftcomunicacion.es/es/informe/analisis-del-trafico-en-aeropuertos-de-las-islas-canarias-2/#primaryimage","url":"https://www.jftcomunicacion.es/wp-content/uploads/2024/03/informe-agosto-1-300x300-1.webp","contentUrl":"https://www.jftcomunicacion.es/wp-content/uploads/2024/03/informe-agosto-1-300x300-1.webp","width":300,"height":300,"caption":"informe-agosto-1-300x300"},{"@type":"BreadcrumbList","@id":"https://www.jftcomunicacion.es/es/informe/analisis-del-trafico-en-aeropuertos-de-las-islas-canarias-2/#breadcrumb","itemListElement":[{"@type":"ListItem","position":1,"name":"Portada","item":"https://www.jftcomunicacion.es/es/"},{"@type":"ListItem","position":2,"name":"Descárgate el informe de tráfico en aeropuertos de Canarias"}]},{"@type":"WebSite","@id":"https://www.jftcomunicacion.es/es/#website","url":"https://www.jftcomunicacion.es/es/","name":"JFT Comunicación","description":"Agencia de Publicidad y Marketing Digital","publisher":{"@id":"https://www.jftcomunicacion.es/es/#organization"},"alternateName":"Agencia de Publicidad JFT Comunicación","potentialAction":[{"@type":"SearchAction","target":{"@type":"EntryPoint","urlTemplate":"https://www.jftcomunicacion.es/es/?s={search_term_string}"},"query-input":{"@type":"PropertyValueSpecification","valueRequired":true,"valueName":"search_term_string"}}],"inLanguage":"es"},{"@type":"Organization","@id":"https://www.jftcomunicacion.es/es/#organization","name":"JFT Comunicación","alternateName":"Agencia de Publicidad en Canarias","url":"https://www.jftcomunicacion.es/es/","logo":{"@type":"ImageObject","inLanguage":"es","@id":"https://www.jftcomunicacion.es/es/#/schema/logo/image/","url":"https://www.jftcomunicacion.es/wp-content/uploads/2019/12/logo_jftcomunicacion-e1577624338378.png","contentUrl":"https://www.jftcomunicacion.es/wp-content/uploads/2019/12/logo_jftcomunicacion-e1577624338378.png","width":280,"height":168,"caption":"JFT Comunicación"},"image":{"@id":"https://www.jftcomunicacion.es/es/#/schema/logo/image/"},"sameAs":["https://www.facebook.com/JFTComunicacion","https://www.instagram.com/jftcomunicacion/","https://www.linkedin.com/company/jft-comunicacin/"]}]}</script>
<!-- / Yoast SEO plugin. -->

Descárgate el informe de tráfico en aeropuertos de Canarias - Agencia de Publicidad JFT Comunicación

Agencia de Publicidad JFT Comunicación

JFT Comunicación
